ose -48 = p*j - 5*j. Calculate the remainder when j is divided by 17.
14
Let o(d) = -9*d**2 - 7 + 2 + 8*d - 1 - d**3 + 2. What is the remainder when (-10)/6*(1 + -19) is divided by o(-10)?
14
Let c = -36 + 67. What is the remainder when c is divided by 17?
14
Suppose 3 = -y + 31. What is the remainder when y is divided by 70/(-4)*28/(-49)?
8
Suppose 0 = 4*h + 2*v - 74, -16*v + 11*v + 38 = 3*h. Calculate the remainder when 78 is divided by h.
15
Let r = -4 - -1. Let t(y) = y**2 - y - 4. What is the remainder when 62/r*6/(-4) is divided by t(-3)?
7
Let k = -5 - -7. Suppose c + k*c = 6. Suppose 1 = o - 1. What is the remainder when o is divided by c?
0
Let p(w) = -w. Let n be p(-2). Suppose -n + 7 = 5*r. What is the remainder when 0 + (-3 + r - -15) is divided by 5?
3
Suppose 0 = -6*b + 8*b - 32. Suppose 0 = -7*u + 2*u + 45. Calculate the remainder when b is divided by u.
7
Suppose -2*z - 9 = -169. What is the remainder when z is divided by 27?
26
Let a(t) = -t**2 - 2*t**3 - 2*t**3 + 5*t**3 + 2*t - 6*t**2. Let v be a(8). Let i = v - 43. Calculate the remainder when i is divided by 13.
11
Suppose 2*y - 48 = 5*i, 4*y - i + 3*i = 48. What is the remainder when -6*3*(-9)/6 is divided by y?
13
Suppose -2*r + 2 = -4. Let z(b) = -b**2 - 11*b. Let p be z(-11). Suppose p*c + 10 = 5*c. Calculate the remainder when r is divided by c.
1
Let h(s) = -17*s + 12. Calculate the remainder when h(-5) is divided by 33.
31
Let t = 0 + 5. Suppose -g = -0*k - t*k - 24, 40 = g + 3*k. Calculate the remainder when g is divided by 12.
10
Suppose -5*s = -s - 144. Let q(m) = -m - 6. Let n be q(-9). Suppose -n*p = -78 + 21. What is the remainder when s is divided by p?
17
Calculate the remainder when 30/(-18) - 105/(-9) is divided by 4.
2
Let y(r) = 2*r**2 + r. Let p = 1 + 4. Suppose p*l - l + 12 = 0. What is the remainder when y(l) is divided by 8?
7
Let l(y) = y**2 - y - 1. Let c(u) = 7*u**2 - 9*u. Let a(t) = -c(t) + 6*l(t). Let g be a(5). Calculate the remainder when 35 is divided by ((-27)/2)/(12/g).
17
Let s(f) = 3*f**2 + f + 1. Suppose -b = -5*b + 20. Let g = 10 - b. Calculate the remainder when g is divided by s(-1).
2
What is the remainder when 143 is divided by 34 + (0 + 3)/((-6)/(-4))?
35
Let h = -37 - -64. Let q(b) = -b**2 - 34*b - 59. Calculate the remainder when h is divided by q(-32).
2
Suppose 3*v = 8*v - 15. Calculate the remainder when 7 is divided by v.
1
Let a = -25 + 30. What is the remainder when a is divided by 3?
2
Suppose 49 = p + 5*a, p = 3*a + a + 22. Let k = -14 + 8. Let x = k - -18. Calculate the remainder when p is divided by x.
10
Let v(x) = -x + 13. Let z be -3 + 7 - (3 + -2). Let i = z - -3. What is the remainder when v(i) is divided by 5?
2
Let l = 68 - 60. What is the remainder when l is divided by 5?
3
Suppose -f + 2*q = -10, 2*f - 3*f = -q - 6. Suppose -6*v + 8 = -f*v, -4*d + 3*v = -54. Calculate the remainder when 42 is divided by d.
12
Let w(f) = -f**3 + 7*f**2 - 5*f + 7. What is the remainder when w(6) is divided by 5?
3
Let f = 13 + -13. Suppose 5*u + 76 = 2*n, 7*u - 3*u - 8 = f. Calculate the remainder when n is divided by 15.
13
Suppose 0 = v - 10. Suppose 0 = -2*c + 4*c - v. What is the remainder when c is divided by 4?
1
Suppose -4*q + 2*i + 246 = 0, -q + 2*i + 56 = 7*i. Calculate the remainder when q is divided by 32.
29
Let z(n) = 5*n - 27. What is the remainder when 85 is divided by z(9)?
13
Let v(s) = 2*s**2 + 12*s + 13. What is the remainder when v(-9) is divided by (-4)/2 + (28 - 9)?
16
Suppose -4*w - d = -4 + 1, 15 = 5*w - d. Suppose t - w - 6 = 0. Suppose -3*a + 31 = -62. Calculate the remainder when a is divided by t.
7
Suppose 5*n + 0*n - 35 = 0. Suppose 0 = 3*f - 0*f - 219. Suppose -2*v = v - 4*y - f, 2*v - 48 = 3*y. What is the remainder when v is divided by n?
6
Let p = 0 + 1. What is the remainder when 28 is divided by 1/p*2*5?
8
Let w = 49 - 31. What is the remainder when 53 is divided by w?
17
Suppose -5*d + 0*d + 115 = 0. Let i = 58 - d. Let x(k) = -2*k + 1. Calculate the remainder when i is divided by x(-4).
8
Suppose -2*g + 31 = 3. Let m be 4/2 + (-3 - -3). Suppose -m*q - 5*t = -44 - 53, -4*t = 3*q - 135. Calculate the remainder when q is divided by g.
13
Let l(d) = -5*d**3 - 10*d**2 - 3*d + 1. Let n(j) = 14*j**3 + 29*j**2 + 8*j - 4. Let v(w) = 11*l(w) + 4*n(w). Calculate the remainder when 2 is divided by v(-6).
0
Let c = -13 + -2. Calculate the remainder when 46 is divided by (-4)/(-10) + (-354)/c.
22
Suppose -j = -6*j + 45. Let f = 0 - -5. Calculate the remainder when j is divided by f.
4
Suppose -5*h = y - 2*y + 27, y - 3*h - 23 = 0. Calculate the remainder when 63 is divided by y.
12
Let h(u) = -u - 8. Let t(l) = 7. Let c(r) = -3*h(r) - 4*t(r). Let q(o) = 3*o**2 + 3*o - 5. What is the remainder when q(-4) is divided by c(5)?
9
Let y = 44 - 72. Let s = y - -54. Calculate the remainder when s is divided by (10 + -1)/(0 + 1).
8
Let v = 211 - 140. Calculate the remainder when v is divided by 36.
35
Let h(z) = -z**3 - 4*z**2 - 5*z - 5. Suppose 0 = 4*x, -5*m + 4*m + 44 = 2*x. What is the remainder when m is divided by h(-4)?
14
Let p(c) = -c**2 + 5*c. Let b = 0 - -3. Let k be p(b). What is the remainder when 68/k + (-2)/(-3) is divided by 7?
5
Let f = 19 - 28. Let t = f + 15. What is the remainder when t is divided by 4?
2
Let y = -117 + 190. What is the remainder when y is divided by 19?
16
Suppose 4*a - 5 = 11. Suppose -a*q + 92 + 16 = 0. What is the remainder when 53 is divided by q?
26
Let i(u) = u**2 - u - 3. Suppose -1 + 7 = -2*z. Calculate the remainder when 34 is divided by i(z).
7
Suppose -6 = -3*o - 0, 4*s + 2 = -o. What is the remainder when ((-16)/40)/(s/50) is divided by 11?
9
Let d be (-2)/(-4) + (-52)/(-8). Let q = d + 7. What is the remainder when q is divided by 8?
6
Suppose 0 = -9*m - 43 + 214. What is the remainder when 54 is divided by m?
16
Let t = -161 - -63. Let q = 184 + t. Calculate the remainder when q is divided by 22.
20
Let w(f) = f**3 - 7*f**2 + 5*f + 6. Let q be w(6). Suppose -3*b + 8*b - 65 = q. Calculate the remainder when 25 is divided by b.
12
Suppose 2*b + 1 = -4*n + 5, 0 = 5*n - 4*b - 31. Suppose -4*q = -3*z - 304, q - n*q + 4*z + 162 = 0. Calculate the remainder when q is divided by 15.
13
Let u be 76/6 + 12/(-18). Suppose -2*i = -6*i + u. Let p = 1 + i. Calculate the remainder when 10 is divided by p.
2
Suppose -9*t + 11*t - 246 = 0. What is the remainder when t is divided by 42?
39
Let g = 19 + -7. What is the remainder when g is divided by 7?
5
Suppose -c + 43 = -5*q, -2*q = 4*c + 2*q - 124. What is the remainder when c is divided by 9?
6
Suppose -4*b - 76 - 8 = 0. Let o = -13 - b. Calculate the remainder when 14 is divided by o.
6
Suppose -n = -g + 18, -2*n = -0*g + 5*g - 83. Let x(o) = -2*o**2 - 2*o. Let u be x(-2). Let t(b) = -3*b - 3. Calculate the remainder when g is divided by t(u).
8
Let z(v) = 2*v + 18. Calculate the remainder when z(10) is divided by 4.
2
Suppose 3*f + f - 8 = 0. Suppose 22 = f*l - 14. What is the remainder when l is divided by (-25)/10*(-1 - 3)?
8
Let p(s) = -19*s + 2. Let a(q) = -q - 1. Let t(u) = a(u) + p(u). What is the remainder when t(-1) is divided by 11?
10
Suppose 3*j + 21 = -0*j. Let i(g) = -g**3 - 6*g**2 + 7*g + 10. Let z = -34 + 53. Calculate the remainder when z is divided by i(j).
9
Let p(t) = 44*t**2 + 2*t - 2. Let c be p(-2). Let x = -90 + c. Suppose -x = -2*b - 3*b. Calculate the remainder when 30 is divided by b.
14
Suppose -2*y + 58 = -16. Calculate the remainder when y is divided by 10.
7
Let n(f) = 6*f**2. What is the remainder when 19 is divided by n(1)?
1
Suppose 0 = -5*u + u + 188. Suppose -3*s + 16 = -2*s. Suppose -r = -0*r - s. Calculate the remainder when u is divided by r.
15
Let h(d) = 2*d**2 - 9*d + 13. Let m be h(9). Suppose 4*s - m = -14. Suppose 2*a = 11 + 3. What is the remainder when s is divided by a?
6
Suppose 4*o + u + 4*u = 56, -57 = -5*o - 3*u. What is the remainder when 16 is divided by o?
7
Suppose -6 = -2*z + 2. Suppose 8 = 5*r - z*r. What is the remainder when 13 is divided by r?
5
Let h(p) = 5*p**2 + 4*p - 5. What is the remainder when h(1) is divided by 2?
0
Suppose -3*w = -3*h + 2*w + 343, -h + 109 = w. Calculate the remainder when h/2 + 7/(-14) is divided by 14.
13
Let r(y) = -5*y + 5. Let x be r(